ctors of a?
2
Suppose -6*t + 0*t + 162 = 0. List the prime factors of t.
3
Let h = -16 + 23. Suppose 0 = -5*d - 15 - 0. Let p = h + d. List the prime factors of p.
2
Suppose 4*l - 4 = 0, 237 - 4 = 3*c + 2*l. List the prime factors of c.
7, 11
Let t = 433 + -269. List the prime factors of t.
2, 41
Suppose -5*g + 15 + 5 = 0. List the prime factors of g.
2
Suppose -6 = u - 36. List the prime factors of u.
2, 3, 5
Let z(c) = -c**3 - c**2. Let m(p) = -28*p**3 - 5*p**2 + p - 1. Let r(o) = -m(o) + 6*z(o). What are the prime factors of r(1)?
3, 7
Let r(z) = z**2 - 13*z + 3. What are the prime factors of r(13)?
3
Suppose t - 5*s = 13, 0*s = -5*s - 10. Suppose -t*p = 5*d - 64, -p = -4*d + 22 + 19. What are the prime factors of d?
11
Let n(x) = 19*x - 89. List the prime factors of n(8).
3, 7
List the prime factors of 4/(1 + 0 + 1).
2
Let c = -3 - -3. Suppose 3*f = 7*f - 28. Let w = c + f. List the prime factors of w.
7
Let u(r) = r**2 - r + 3. List the prime factors of u(0).
3
Let d(p) = -p**3 + 6*p**2 - 4. What are the prime factors of d(4)?
2, 7
Suppose 4*v + 4 = 16. Suppose v*n = 4 - 10. Let m = 4 - n. List the prime factors of m.
2, 3
Let x be (3/1)/((-6)/(-4)). Let d(t) = -2*t**2 + t**2 - 2*t + 2*t**x + 4. List the prime factors of d(3).
7
Let d(i) = i**3 - 12*i**2. Let j = 38 - 26. Let b be d(j). Suppose -2*r + 3*r = -2*a + 3, 4*r + 3*a - 27 = b. List the prime factors of r.
3
Let b(i) = -i**3 + 10*i**2 - 9*i + 2. Let m be b(9). List the prime factors of (25/(-2))/((-1)/m).
5
Let n(b) = -b - 26*b**2 + 10*b**2 + 15*b**2 + 31. What are the prime factors of n(0)?
31
Let l = -10 - -67. List the prime factors of l.
3, 19
Let z = 6 - 4. What are the prime factors of z?
2
Let q(t) = -t**2 - 6*t + 4. Let x(g) = -10*g - 4. Let n(o) = -o - 1. Let i(s) = -4*n(s) + x(s). Let k be i(1). List the prime factors of q(k).
2
Let w = -46 - -70. List the prime factors of w.
2, 3
Suppose 4 = -2*p + 3*k + 2, 4*k + 2 = 5*p. Let s(n) = -n**3 + 4*n**2 - 4*n + 3. Let c be s(p). Let q = c - -2. What are the prime factors of q?
5
Let g be (-1)/(2/(-4) + 1). Let w be (-3)/(6/g) - -1. Suppose -4*o + 5*u = -o + 16, -w*o - 3*u + 21 = 0. List the prime factors of o.
3
Let l(y) = -y**3 - 8*y**2 - 8*y - 5. Let n(g) = g**3 + 6*g**2 - 6*g. Let r be n(-7). Let i be l(r). Let m = i + 7. What are the prime factors of m?
3
Suppose -3*w - 12 = 5*z, -3*w + 0*w - 12 = -3*z. Suppose -3*y - 4*i = -9, 3*y + 5*i - 10 + 1 = z. List the prime factors of y.
3
Let m(c) = c**3 - 7*c**2 + 6*c. Let a be m(6). Suppose 9 = 3*y - a*y. What are the prime factors of y?
3
Let x(z) = -z**3 - 9*z**2 + 34*z + 29. List the prime factors of x(-13).
263
Suppose -5*s - 5 = 0, 5*s - 1 = -2*w - w. Suppose 0*b - w*b = -5*h + 12, 4*b + 5*h = 36. What are the prime factors of b?
2
Suppose 23 = 3*n - 1. List the prime factors of n.
2
Let t(h) = 3*h + 3. Let n = -6 + -1. Let y be (-19)/n + 2/7. List the prime factors of t(y).
2, 3
Let l = 2 + -1. Let o = l + 3. What are the prime factors of o?
2
Let r be 9/15 - (-219)/(-15). List the prime factors of 5*(r/10 - -2).
3
Let j(v) = v**2 - 17*v - 33. What are the prime factors of j(19)?
5
Suppose 3*a + 11 = 2*t, 0 + 15 = 5*t + 5*a. Let s = t - 2. Suppose s*j - 3*i = j - 13, -2*j - 2*i + 14 = 0. What are the prime factors of j?
2
Let q(i) = -i**2 + i + 2. Let t be q(-2). Let v = t + 5. Suppose 3 + v = -f - 4*m, -5*f + 12 = 4*m. List the prime factors of f.
2
Suppose -4*i = -0*i. Suppose i = -4*j - 3*w + 278, 6 = w - 4*w. Suppose -l - 4*l - 3*k = -j, l - 23 = -5*k. What are the prime factors of l?
13
Let y = 29 - -4. What are the prime factors of y?
3, 11
Let c(m) = m**3 + 12*m**2 + 11*m + 1. Let v be c(-11). Let q = v + 2. What are the prime factors of q?
3
Suppose -2*w = 4*l - 72, -4*w + 2*l + 3*l + 79 = 0. Suppose -2*n - 5*d + d = -w, n = -5*d + 19. What are the prime factors of n?
3
Let q(b) = -12*b. List the prime factors of q(-3).
2, 3
Let i = -9 + 15. Suppose 2*p - 6*p = -3*q + i, -5*p = 3*q - 6. Suppose -34 = -p*z - 2*z. List the prime factors of z.
17
Let s(j) = -35*j + 3. What are the prime factors of s(-3)?
2, 3
Let j(z) = -9*z - 7. Let k be j(-8). Let h = 102 - k. List the prime factors of h.
37
Suppose -225 = 12*z - 657. What are the prime factors of z?
2, 3
Let n(d) be the third derivative of d**6/120 + d**5/6 + 5*d**4/12 + 11*d**3/6 - d**2. Let l = -50 - -41. What are the prime factors of n(l)?
2
Let q be (-2 + 2 - -1) + 3. Suppose q*x - 8 = 68. List the prime factors of x.
19
Let c(v) = -v**3 + 8*v**2 - 7*v - 2. Let b be c(5). Let a = 54 - b. What are the prime factors of a?
2
Suppose 3*h + 7 = g, 3*h + 19 = g + 6*h. What are the prime factors of g?
13
Suppose -2*b = -3*n - 33, 70 = 5*b + 4*n - 9*n. List the prime factors of b.
3
Let t be ((-6)/(-8))/((-6)/48). What are the prime factors of (-3)/t - 59/(-2)?
2, 3, 5
Let r = -2 + 5. Let c be (r - 7)*2/(-4). Suppose 7 = -m + c*m. What are the prime factors of m?
7
What are the prime factors of (70/(-21))/(10/(-825))?
5, 11
Suppose 73 = m - 8*t + 3*t, -t - 69 = -m. List the prime factors of m.
2, 17
Suppose -4*n + 2*g = -2*n - 18, 4*n - 2*g - 34 = 0. Suppose 4*j - 20 + n = 0. List the prime factors of j.
3
Suppose 6*d - 4*d - 2*y - 120 = 0, -2*y + 240 = 4*d. What are the prime factors of d?
2, 3, 5
Let t be 3 - 10/(3 - 1). What are the prime factors of 0 + t - (-2 - 4)?
2
Let u = 10 - 18. Let f(t) = -t**2 - 7*t + 11. What are the prime factors of f(u)?
3
Let i(a) = -a**3 - 4*a**2 + 5*a + 3. List the prime factors of i(-5).
3
List the prime factors of (-2)/((-10)/265) - 3.
2, 5
Suppose 2*t - 2 = -10. Let r be 2*-3*2/(-4). What are the prime factors of r/(-12) - 33/t?
2
Suppose -13*y = -14*y + 266. What are the prime factors of y?
2, 7, 19
Let m be 6/(-15) - 54/(-10). Suppose 0 = -m*u + 5 - 0. List the prime factors of (-98)/(-10) + u/5.
2, 5
Let r(b) = 60*b**2 - 3*b + 2. What are the prime factors of r(1)?
59
Let p = 52 - 17. Suppose 0*q - q = 2*f + p, 5*q + 127 = 2*f. Let c = 44 + q. What are the prime factors of c?
17
Let j(f) = f**2 + 4*f + 34. List the prime factors of j(-15).
199
Let q(f) = -f**2 + 4. Let c be q(3). Let b be c*2*24/15. What are the prime factors of 1/((-2)/b) + 2?
2, 5
Let g(c) = c - 2. Let v be g(5). What are the prime factors of (7/v)/((-1)/(-3))?
7
Suppose x = -3*j + 5*j - 631, -2*j - 4*x = -646. What are the prime factors of j?
317
Let a(t) = -t**3 + 11*t**2 + 14*t - 15. Let j be a(12). List the prime factors of 2 - 24/j*-6.
2, 3
Let q be (-2 - 0) + (-2)/(-2). Let i = q + 3. List the prime factors of (i/(-6))/(5/(-30)).
2
Suppose -2*b + 19 = -5*t - 14, -t = -1. List the prime factors of b.
19
Let i(g) be the third derivative of -g**4/24 + g**3 - g**2. Let r be i(3). Suppose 34 = 4*h - r*t - 2*t, 5*h - 4*t - 47 = 0. What are the prime factors of h?
11
Suppose -3*i + 270 = 5*z, 3*i + z - 252 = 2*z. What are the prime factors of i?
5, 17
Let i(w) = w - 7. What are the prime factors of i(13)?
2, 3
Let o(q) = -4*q - 3. Let l(k) = -2*k - 2. Let m(h) = -5*l(h) + 3*o(h). Suppose 3*b + 13 = 1. What are the prime factors of m(b)?
3
Suppose -2*w - 12 = -48. Suppose r - w = -5. List the prime factors of r.
13
Let v be 0/2 + (-4)/(-2). Suppose -v*c - w = -0*c - 43, -4*c = -3*w - 61. What are the prime factors of c?
19
Suppose k + 25 = 2*k. Let l = -7 + k. What are the prime factors of l?
2, 3
Suppose -r - 4*r - 4*p - 37 = 0, 4*p + 27 = -3*r. Let a = -5 - r. Let x = 11 + a. List the prime factors of x.
11
Let o = 36 - -6. What are the prime factors of o?
2, 3, 7
Let r(m) = -12*m - 6. What are the prime factors of r(-4)?
2, 3, 7
What are the prime factors of (35/(-15))/((-3)/18)?
2, 7
Suppose -49 = -3*q + 146. List the prime factors of q.
5, 13
Suppose -5*p = 5*n - 105, -5*n - 4*p + 50 = -3*n. Suppose -8 = -n*o + 13*o. What are the prime factors of o?
2
Let q(s) = s + 9. Let o be q(-10). Let n(t) = -t**2 + 4*t + 3. Let u be n(4). Let g = u + o. List the prime factors of g.
2
Let c(a) = -a**3 - 20*a**2 - 2*a + 9. List the prime factors of c(-20).
7
Let v = 83 - 14. Suppose -2*j + v = -2*o + 3*j, 2*o + 67 = 3*j. What are the prime factors of o/(-10) + 2/(-10)?
3
Suppose i + 28 = 3*c + 101, -6 = 3*i. List the prime factors of -3 + (c/(-1) - 3).
19
Let x(q) = q**3 + q**2 - 3*q. Let i be x(3). Suppose i = 